{"id":522,"date":"2021-02-10T14:13:01","date_gmt":"2021-02-10T14:13:01","guid":{"rendered":"http:\/\/www.wgaeu.org\/?page_id=522"},"modified":"2021-02-18T12:48:06","modified_gmt":"2021-02-18T11:48:06","slug":"wga-funkce","status":"publish","type":"page","link":"https:\/\/www.wgaeu.org\/index.php\/wga-funkce\/","title":{"rendered":"WGA FUNKCE"},"content":{"rendered":"<p><strong>\u010cl. 1<\/strong><br \/>\n<strong>P\u0159ehled funkc\u00ed v\u00a0Rad\u011b spolku<br \/>\n<\/strong>1. P\u0159edseda spolku<br \/>\n2. Mana\u017e\u00e9r pro styk s ve\u0159ejnost\u00ed<br \/>\n3. Finan\u010dn\u00ed mana\u017e\u00e9r<br \/>\n4. Mana\u017e\u00e9r aktivit<br \/>\n5. Mana\u017e\u00e9r pro sponzoring a finan\u010dn\u00ed dary<\/p>\n<p><strong>\u010cL. 2<\/strong><br \/>\n<strong>Popis funkc\u00ed v\u00a0Rad\u011b spolku<br \/>\n<\/strong>1. P\u0159edseda spolku<br \/>\na) Statut\u00e1rn\u00ed z\u00e1stupce spolku, zastupuje spolek ve v\u0161ech v\u011bcech<br \/>\nb) Ud\u011bluje zmocn\u011bn\u00ed k jedn\u00e1n\u00ed jm\u00e9nem spolku i jin\u00e9mu \u010dlenu spolku. Zmocn\u011bn\u00ed je jednor\u00e1zov\u00e9 s vyzna\u010denou omezenou platnost\u00ed.<br \/>\nc) Je odpov\u011bdn\u00fd za \u010dinnost Rady spolku, koordinuje a kontroluje ve\u0161kerou \u010dinnost \u010dlen\u016f Rady spolku a z\u0159\u00edzen\u00fdch komis\u00ed.<br \/>\nd) Svol\u00e1v\u00e1 zased\u00e1n\u00ed \u010dlensk\u00e9 sch\u016fze, je zodpov\u011bdn\u00fd za p\u0159ipravenost v\u0161ech pot\u0159ebn\u00fdch dokument\u016f.<br \/>\ne) Zpracov\u00e1v\u00e1 zpr\u00e1vu o stavu spolku, jeho pl\u00e1n a v\u00fdhled na dal\u0161\u00ed obdob\u00ed.<br \/>\nf) Zpracov\u00e1v\u00e1 n\u00e1vrh strategick\u00e9ho pl\u00e1nu spolku na n\u00e1sleduj\u00edc\u00ed rok a p\u0159edkl\u00e1d\u00e1 jej \u010dlensk\u00e9 sch\u016fzi.<br \/>\ng) Spravuje a vede webov\u00e9 str\u00e1nky, navrhuje jejich zkvalitn\u011bn\u00ed.<br \/>\nh) Spravuje obslu\u017en\u00e1 ulo\u017ei\u0161t\u011b. (fotogalerie, datov\u00e9 ulo\u017ei\u0161t\u011b)<br \/>\nch) Pr\u016fb\u011b\u017en\u011b kontroluje a koordinuje pln\u011bn\u00ed funk\u010dn\u00edch povinnost\u00ed.<br \/>\ni) Zpracov\u00e1v\u00e1 koncept reklamn\u00ed kampan\u011b, koordinuje jej s ostatn\u00edmi zainteresovan\u00fdmi a nezainteresovan\u00fdmi \u010dleny spolku.<br \/>\nj) Komunikuje se sponzory a d\u00e1rci, uzav\u00edr\u00e1 s nimi p\u0159\u00edslu\u0161n\u00e9 smlouvy.<br \/>\nk) Dle pot\u0159eby se pod\u00edl\u00ed na dal\u0161\u00ed administrativn\u00ed \u010dinnosti spolku.<br \/>\nl) Kontroluje p\u0159ipravenost, pr\u016fb\u011bh aktivit spolku a dle pot\u0159eby se na nich pod\u00edl\u00ed.<\/p>\n<p>2. Mana\u017e\u00e9r pro styk s ve\u0159ejnost\u00ed<br \/>\na) Je \u0159\u00edzen p\u0159edsedou a v p\u0159\u00edpad\u011b neschopnosti p\u0159edsedy vykon\u00e1vat funkci, je jeho zmocn\u011bn\u00fdm z\u00e1stupcem. Navenek vystupuje potom jako statut\u00e1rn\u00ed z\u00e1stupce.<br \/>\nb) Komunikuje s ve\u0159ejnost\u00ed, se sponzory, s d\u00e1rci v n\u00e1rodn\u00edm a anglick\u00e9m jazyce.<br \/>\nc) Komunikuje na soci\u00e1ln\u00edch s\u00edt\u00edch, koordinovan\u011b odpov\u00edd\u00e1 na dotazy a podn\u011bty v n\u00e1rodn\u00edm a anglick\u00e9m jazyce.<br \/>\nd) Zabezpe\u010duje komunikaci na semin\u00e1\u0159\u00edch a sch\u016fz\u00edch se zahrani\u010dn\u00edmi partnery, pokud je to pot\u0159eba, tlumo\u010d\u00ed a p\u0159ekl\u00e1d\u00e1.<br \/>\ne) P\u0159ipravuje a p\u0159ekl\u00e1d\u00e1 materi\u00e1ly pot\u0159ebn\u00e9 pro spolek do anglick\u00e9ho jazyka.<br \/>\nf) Zpracov\u00e1v\u00e1 a p\u0159edkl\u00e1d\u00e1 Rad\u011b spolku z\u00e1pisy protokol\u00e1rn\u011b veden\u00fdch dohovor\u016f.<br \/>\ng) Sleduje komunikaci na soci\u00e1ln\u00edch s\u00edt\u00edch a dal\u0161\u00edch elektronick\u00fdch prost\u0159edc\u00edch t\u00fdkaj\u00edc\u00ed se WGA, FCI, n\u00e1rodn\u00ed federace a dal\u0161\u00edch subjekt\u016f, kter\u00e9 mohou b\u00fdt zaj\u00edmav\u00e9 pro spolek, informace p\u0159ed\u00e1v\u00e1 p\u0159edsedovi a Rad\u011b spolku.<br \/>\nh) Aktivn\u011b vyhled\u00e1v\u00e1 a komunikuje se sponzory a d\u00e1rci.<br \/>\nch) Aktivn\u011b propaguje spolek a pod\u00edl\u00ed se na tv\u016fr\u010d\u00edm psan\u00ed p\u0159\u00edsp\u011bvk\u016f v n\u00e1rodn\u00edm a anglick\u00e9m jazyce.<br \/>\ni) Dle pot\u0159eby se pod\u00edl\u00ed na dal\u0161\u00ed administrativn\u00ed \u010dinnosti spolku.<br \/>\nj) Dle pot\u0159eby se pod\u00edl\u00ed na aktivit\u00e1ch spolku.<\/p>\n<p>3. Finan\u010dn\u00ed mana\u017e\u00e9r<br \/>\na) Na z\u00e1klad\u011b p\u00edsemn\u00e9ho zmocn\u011bn\u00ed spravuje a zastupuje spolek ve finan\u010dn\u00ed oblasti, zabezpe\u010duje styk se spr\u00e1vcem dan\u00ed a ostatn\u00edmi souvisej\u00edc\u00edmi \u00fa\u0159ady.<br \/>\nb) Zabezpe\u010duje veden\u00ed jednoduch\u00e9ho \u00fa\u010detnictv\u00ed, zpracov\u00e1n\u00ed da\u0148ov\u00e9ho p\u0159izn\u00e1n\u00ed.<br \/>\nc) Propl\u00e1c\u00ed finan\u010dn\u00edch n\u00e1klady a n\u00e1hrady se v\u0161emi n\u00e1le\u017eitostmi v duchu platn\u00fdch z\u00e1sad spolku.<br \/>\nd) Zpracov\u00e1v\u00e1 zpr\u00e1vu o hospoda\u0159en\u00ed spolku za aktu\u00e1ln\u00ed rok a n\u00e1vrh rozpo\u010dtu na n\u00e1sleduj\u00edc\u00ed rok a p\u0159edkl\u00e1d\u00e1 jej \u010dlensk\u00e9 sch\u016fzi.<br \/>\ne) Aktivn\u011b vyhled\u00e1v\u00e1 a komunikuje se sponzory a d\u00e1rci.<br \/>\nf) Aktivn\u011b propaguje spolek a pod\u00edl\u00ed se na tv\u016fr\u010d\u00edm psan\u00ed p\u0159\u00edsp\u011bvk\u016f.<\/p>\n<p>4. Mana\u017e\u00e9r aktivit<br \/>\na) Vytv\u00e1\u0159\u00ed koncepce aktivit, organizuje jednotliv\u00e9 aktivity, p\u0159ipravuje pot\u0159ebn\u00e9 materi\u00e1ly pro aktivity.<br \/>\nb) Koordinuje budov\u00e1n\u00ed materi\u00e1ln\u00ed z\u00e1kladny pot\u0159ebn\u00e9 k \u010dinnosti.<br \/>\nc) Zpracov\u00e1v\u00e1 zpr\u00e1vu o pr\u016fb\u011bhu ukon\u010den\u00fdch aktivit spolku s rozborem za aktu\u00e1ln\u00ed rok, p\u0159edkl\u00e1d\u00e1 kalend\u00e1\u0159n\u00ed pl\u00e1n na n\u00e1sleduj\u00edc\u00ed rok a p\u0159edkl\u00e1d\u00e1 jej \u010dlensk\u00e9 sch\u016fzi.<br \/>\nd) Vytv\u00e1\u0159\u00ed pracovn\u00ed t\u00fdm sympatizant\u016f WGA, tento \u0161kol\u00ed a \u0159\u00edd\u00ed p\u0159i jednotliv\u00fdch aktivit\u00e1ch, odpov\u00edd\u00e1 za pr\u016fb\u011bhy aktivit.<br \/>\ne) Navrhuje inovativn\u00ed postupy, kter\u00e9 by mohli zv\u00fd\u0161it kredit spolku.<br \/>\nf) Aktivn\u011b vyhled\u00e1v\u00e1 a komunikuje se sponzory a d\u00e1rci.<\/p>\n<p>5. Mana\u017e\u00e9r pro sponzoring a finan\u010dn\u00ed dary<br \/>\na) Pr\u016fb\u011b\u017en\u011b vytipov\u00e1v\u00e1 vhodn\u00e9 subjekty pro p\u0159\u00edpadn\u00fd sponzoring a d\u00e1rcovstv\u00ed.<br \/>\nb) Pom\u00e1h\u00e1 vytv\u00e1\u0159et reklamn\u00ed kampan\u011b, kter\u00e9 budou propagovat spolek na ve\u0159ejnosti.<br \/>\nc) Zpracov\u00e1v\u00e1 n\u00e1vrh koncepce syst\u00e9mov\u00e9ho vzd\u011bl\u00e1v\u00e1n\u00ed ve spolku, \u0161kolen\u00ed technick\u00e9ho person\u00e1lu a spolkov\u00fdch rozhod\u010d\u00edch, po\u0159\u00e1d\u00e1n\u00ed semin\u00e1\u0159\u016f a odborn\u00fdch \u0161kolen\u00ed pro \u0161irokou ve\u0159ejnost.<br \/>\nd)\u00a0 P\u0159ipravenost a v\u00fdkon funkce rozhod\u010d\u00edch.<br \/>\ne) Aktualizuje agendu rozhod\u010d\u00edch, oslovuje nov\u00e9 adepty, p\u0159ipravuje \u0161kolen\u00ed a koordinuje hospitace.<br \/>\nf) Aktivn\u011b propaguje spolek a pod\u00edl\u00ed se na tv\u016fr\u010d\u00edm psan\u00ed p\u0159\u00edsp\u011bvk\u016f.<br \/>\ng) Dle pot\u0159eby se pod\u00edl\u00ed na dal\u0161\u00ed administrativn\u00ed \u010dinnosti spolku.<\/p>\n<p>Ve\u0161ker\u00e9 zm\u011bny t\u00e9to Sm\u011brnice o funkc\u00edch jsou v pravomoci \u010dlensk\u00e9 sch\u016fze spolku.<\/p>\n<p><em>Sm\u011brnice WGA funkce<\/em><br \/>\n<em>byla schv\u00e1lena na \u010clensk\u00e9 sch\u016fzi<\/em><br \/>\n<em>dne 14. 01. 2017<\/em><\/p>\n<p><em>V\u00e1clav Holoch<\/em><br \/>\n<em>Prezident WGA, v.r.<\/em><\/p>\n","protected":false},"excerpt":{"rendered":"<p>\u010cl. 1 P\u0159ehled funkc\u00ed v\u00a0Rad\u011b spolku 1. P\u0159edseda spolku 2. Mana\u017e\u00e9r pro styk s ve\u0159ejnost\u00ed 3. Finan\u010dn\u00ed mana\u017e\u00e9r 4. Mana\u017e\u00e9r aktivit 5. Mana\u017e\u00e9r pro sponzoring a finan\u010dn\u00ed dary \u010cL. 2 Popis funkc\u00ed v\u00a0Rad\u011b spolku 1. P\u0159edseda spolku a) Statut\u00e1rn\u00ed z\u00e1stupce spolku, zastupuje spolek ve v\u0161ech v\u011bcech b) Ud\u011bluje zmocn\u011bn\u00ed k jedn\u00e1n\u00ed jm\u00e9nem spolku i jin\u00e9mu [&hellip;]<\/p>\n","protected":false},"author":1,"featured_media":0,"parent":0,"menu_order":0,"comment_status":"closed","ping_status":"closed","template":"","meta":{"footnotes":""},"class_list":["post-522","page","type-page","status-publish","hentry"],"yoast_head":"<!-- This site is optimized with the Yoast SEO plugin v27.5 - https:\/\/yoast.com\/product\/yoast-seo-wordpress\/ -->\n<title>WGA FUNKCE - WGA<\/title>\n<meta name=\"robots\" content=\"index, follow, max-snippet:-1, max-image-preview:large, max-video-preview:-1\" \/>\n<link rel=\"canonical\" href=\"https:\/\/www.wgaeu.org\/index.php\/wga-funkce\/\" \/>\n<meta property=\"og:locale\" content=\"cs_CZ\" \/>\n<meta property=\"og:type\" content=\"article\" \/>\n<meta property=\"og:title\" content=\"WGA FUNKCE - WGA\" \/>\n<meta property=\"og:description\" content=\"\u010cl. 1 P\u0159ehled funkc\u00ed v\u00a0Rad\u011b spolku 1. P\u0159edseda spolku 2. Mana\u017e\u00e9r pro styk s ve\u0159ejnost\u00ed 3. Finan\u010dn\u00ed mana\u017e\u00e9r 4. Mana\u017e\u00e9r aktivit 5. Mana\u017e\u00e9r pro sponzoring a finan\u010dn\u00ed dary \u010cL. 2 Popis funkc\u00ed v\u00a0Rad\u011b spolku 1. P\u0159edseda spolku a) Statut\u00e1rn\u00ed z\u00e1stupce spolku, zastupuje spolek ve v\u0161ech v\u011bcech b) Ud\u011bluje zmocn\u011bn\u00ed k jedn\u00e1n\u00ed jm\u00e9nem spolku i jin\u00e9mu [&hellip;]\" \/>\n<meta property=\"og:url\" content=\"https:\/\/www.wgaeu.org\/index.php\/wga-funkce\/\" \/>\n<meta property=\"og:site_name\" content=\"WGA\" \/>\n<meta property=\"article:modified_time\" content=\"2021-02-18T11:48:06+00:00\" \/>\n<meta name=\"twitter:card\" content=\"summary_large_image\" \/>\n<meta name=\"twitter:label1\" content=\"Odhadovan\u00e1 doba \u010dten\u00ed\" \/>\n\t<meta name=\"twitter:data1\" content=\"5 minut\" \/>\n<script type=\"application\/ld+json\" class=\"yoast-schema-graph\">{\"@context\":\"https:\\\/\\\/schema.org\",\"@graph\":[{\"@type\":\"WebPage\",\"@id\":\"https:\\\/\\\/www.wgaeu.org\\\/index.php\\\/wga-funkce\\\/\",\"url\":\"https:\\\/\\\/www.wgaeu.org\\\/index.php\\\/wga-funkce\\\/\",\"name\":\"WGA FUNKCE - WGA\",\"isPartOf\":{\"@id\":\"https:\\\/\\\/www.wgaeu.org\\\/#website\"},\"datePublished\":\"2021-02-10T14:13:01+00:00\",\"dateModified\":\"2021-02-18T11:48:06+00:00\",\"breadcrumb\":{\"@id\":\"https:\\\/\\\/www.wgaeu.org\\\/index.php\\\/wga-funkce\\\/#breadcrumb\"},\"inLanguage\":\"cs\",\"potentialAction\":[{\"@type\":\"ReadAction\",\"target\":[\"https:\\\/\\\/www.wgaeu.org\\\/index.php\\\/wga-funkce\\\/\"]}]},{\"@type\":\"BreadcrumbList\",\"@id\":\"https:\\\/\\\/www.wgaeu.org\\\/index.php\\\/wga-funkce\\\/#breadcrumb\",\"itemListElement\":[{\"@type\":\"ListItem\",\"position\":1,\"name\":\"Dom\u016f\",\"item\":\"https:\\\/\\\/www.wgaeu.org\\\/\"},{\"@type\":\"ListItem\",\"position\":2,\"name\":\"WGA FUNKCE\"}]},{\"@type\":\"WebSite\",\"@id\":\"https:\\\/\\\/www.wgaeu.org\\\/#website\",\"url\":\"https:\\\/\\\/www.wgaeu.org\\\/\",\"name\":\"WGA\",\"description\":\"b\u011bh\u00e1n\u00ed na v\u00e1hu\",\"publisher\":{\"@id\":\"https:\\\/\\\/www.wgaeu.org\\\/#organization\"},\"potentialAction\":[{\"@type\":\"SearchAction\",\"target\":{\"@type\":\"EntryPoint\",\"urlTemplate\":\"https:\\\/\\\/www.wgaeu.org\\\/?s={search_term_string}\"},\"query-input\":{\"@type\":\"PropertyValueSpecification\",\"valueRequired\":true,\"valueName\":\"search_term_string\"}}],\"inLanguage\":\"cs\"},{\"@type\":\"Organization\",\"@id\":\"https:\\\/\\\/www.wgaeu.org\\\/#organization\",\"name\":\"WGA z.s.\",\"url\":\"https:\\\/\\\/www.wgaeu.org\\\/\",\"logo\":{\"@type\":\"ImageObject\",\"inLanguage\":\"cs\",\"@id\":\"https:\\\/\\\/www.wgaeu.org\\\/#\\\/schema\\\/logo\\\/image\\\/\",\"url\":\"https:\\\/\\\/www.wgaeu.org\\\/wp-content\\\/uploads\\\/2021\\\/02\\\/cropped-Grey1-1-e1612471904868.jpg\",\"contentUrl\":\"https:\\\/\\\/www.wgaeu.org\\\/wp-content\\\/uploads\\\/2021\\\/02\\\/cropped-Grey1-1-e1612471904868.jpg\",\"width\":940,\"height\":282,\"caption\":\"WGA z.s.\"},\"image\":{\"@id\":\"https:\\\/\\\/www.wgaeu.org\\\/#\\\/schema\\\/logo\\\/image\\\/\"}}]}<\/script>\n<!-- \/ Yoast SEO plugin. -->","yoast_head_json":{"title":"WGA FUNKCE - WGA","robots":{"index":"index","follow":"follow","max-snippet":"max-snippet:-1","max-image-preview":"max-image-preview:large","max-video-preview":"max-video-preview:-1"},"canonical":"https:\/\/www.wgaeu.org\/index.php\/wga-funkce\/","og_locale":"cs_CZ","og_type":"article","og_title":"WGA FUNKCE - WGA","og_description":"\u010cl. 1 P\u0159ehled funkc\u00ed v\u00a0Rad\u011b spolku 1. P\u0159edseda spolku 2. Mana\u017e\u00e9r pro styk s ve\u0159ejnost\u00ed 3. Finan\u010dn\u00ed mana\u017e\u00e9r 4. Mana\u017e\u00e9r aktivit 5. Mana\u017e\u00e9r pro sponzoring a finan\u010dn\u00ed dary \u010cL. 2 Popis funkc\u00ed v\u00a0Rad\u011b spolku 1. P\u0159edseda spolku a) Statut\u00e1rn\u00ed z\u00e1stupce spolku, zastupuje spolek ve v\u0161ech v\u011bcech b) Ud\u011bluje zmocn\u011bn\u00ed k jedn\u00e1n\u00ed jm\u00e9nem spolku i jin\u00e9mu [&hellip;]","og_url":"https:\/\/www.wgaeu.org\/index.php\/wga-funkce\/","og_site_name":"WGA","article_modified_time":"2021-02-18T11:48:06+00:00","twitter_card":"summary_large_image","twitter_misc":{"Odhadovan\u00e1 doba \u010dten\u00ed":"5 minut"},"schema":{"@context":"https:\/\/schema.org","@graph":[{"@type":"WebPage","@id":"https:\/\/www.wgaeu.org\/index.php\/wga-funkce\/","url":"https:\/\/www.wgaeu.org\/index.php\/wga-funkce\/","name":"WGA FUNKCE - WGA","isPartOf":{"@id":"https:\/\/www.wgaeu.org\/#website"},"datePublished":"2021-02-10T14:13:01+00:00","dateModified":"2021-02-18T11:48:06+00:00","breadcrumb":{"@id":"https:\/\/www.wgaeu.org\/index.php\/wga-funkce\/#breadcrumb"},"inLanguage":"cs","potentialAction":[{"@type":"ReadAction","target":["https:\/\/www.wgaeu.org\/index.php\/wga-funkce\/"]}]},{"@type":"BreadcrumbList","@id":"https:\/\/www.wgaeu.org\/index.php\/wga-funkce\/#breadcrumb","itemListElement":[{"@type":"ListItem","position":1,"name":"Dom\u016f","item":"https:\/\/www.wgaeu.org\/"},{"@type":"ListItem","position":2,"name":"WGA FUNKCE"}]},{"@type":"WebSite","@id":"https:\/\/www.wgaeu.org\/#website","url":"https:\/\/www.wgaeu.org\/","name":"WGA","description":"b\u011bh\u00e1n\u00ed na v\u00e1hu","publisher":{"@id":"https:\/\/www.wgaeu.org\/#organization"},"potentialAction":[{"@type":"SearchAction","target":{"@type":"EntryPoint","urlTemplate":"https:\/\/www.wgaeu.org\/?s={search_term_string}"},"query-input":{"@type":"PropertyValueSpecification","valueRequired":true,"valueName":"search_term_string"}}],"inLanguage":"cs"},{"@type":"Organization","@id":"https:\/\/www.wgaeu.org\/#organization","name":"WGA z.s.","url":"https:\/\/www.wgaeu.org\/","logo":{"@type":"ImageObject","inLanguage":"cs","@id":"https:\/\/www.wgaeu.org\/#\/schema\/logo\/image\/","url":"https:\/\/www.wgaeu.org\/wp-content\/uploads\/2021\/02\/cropped-Grey1-1-e1612471904868.jpg","contentUrl":"https:\/\/www.wgaeu.org\/wp-content\/uploads\/2021\/02\/cropped-Grey1-1-e1612471904868.jpg","width":940,"height":282,"caption":"WGA z.s."},"image":{"@id":"https:\/\/www.wgaeu.org\/#\/schema\/logo\/image\/"}}]}},"_links":{"self":[{"href":"https:\/\/www.wgaeu.org\/index.php\/wp-json\/wp\/v2\/pages\/522","targetHints":{"allow":["GET"]}}],"collection":[{"href":"https:\/\/www.wgaeu.org\/index.php\/wp-json\/wp\/v2\/pages"}],"about":[{"href":"https:\/\/www.wgaeu.org\/index.php\/wp-json\/wp\/v2\/types\/page"}],"author":[{"embeddable":true,"href":"https:\/\/www.wgaeu.org\/index.php\/wp-json\/wp\/v2\/users\/1"}],"replies":[{"embeddable":true,"href":"https:\/\/www.wgaeu.org\/index.php\/wp-json\/wp\/v2\/comments?post=522"}],"version-history":[{"count":0,"href":"https:\/\/www.wgaeu.org\/index.php\/wp-json\/wp\/v2\/pages\/522\/revisions"}],"wp:attachment":[{"href":"https:\/\/www.wgaeu.org\/index.php\/wp-json\/wp\/v2\/media?parent=522"}],"curies":[{"name":"wp","href":"https:\/\/api.w.org\/{rel}","templated":true}]}}